{"id":41,"date":"2024-02-22T20:59:49","date_gmt":"2024-02-23T01:59:49","guid":{"rendered":"https:\/\/colarte.com.co\/index.php\/cart\/"},"modified":"2024-02-22T20:59:49","modified_gmt":"2024-02-23T01:59:49","slug":"cart","status":"publish","type":"page","link":"https:\/\/colarte.com.co\/index.php\/cart\/","title":{"rendered":"Cart"},"content":{"rendered":"\n<div data-block-name=\"woocommerce\/cart\" class=\"wp-block-woocommerce-cart alignwide is-loading\">\n<div data-block-name=\"woocommerce\/filled-cart-block\" class=\"wp-block-woocommerce-filled-cart-block\">\n<div data-block-name=\"woocommerce\/cart-items-block\" class=\"wp-block-woocommerce-cart-items-block\">\n<div data-block-name=\"woocommerce\/cart-line-items-block\" class=\"wp-block-woocommerce-cart-line-items-block\"><\/div>\n\n\n\n<div data-block-name=\"woocommerce\/cart-cross-sells-block\" class=\"wp-block-woocommerce-cart-cross-sells-block\">\n<h2 class=\"wp-block-heading has-large-font-size\">You may be interested in\u2026<\/h2>\n\n\n\n<div data-block-name=\"woocommerce\/cart-cross-sells-products-block\" class=\"wp-block-woocommerce-cart-cross-sells-products-block\"><\/div>\n<\/div>\n<\/div>\n\n\n\n<div data-block-name=\"woocommerce\/cart-totals-block\" class=\"wp-block-woocommerce-cart-totals-block\">\n<div data-block-name=\"woocommerce\/cart-order-summary-block\" class=\"wp-block-woocommerce-cart-order-summary-block\">\n<div data-block-name=\"woocommerce\/cart-order-summary-heading-block\" class=\"wp-block-woocommerce-cart-order-summary-heading-block\"><\/div><div data-block-name=\"woocommerce\/cart-order-summary-coupon-form-block\" class=\"wp-block-woocommerce-cart-order-summary-coupon-form-block\"><\/div><div data-block-name=\"woocommerce\/cart-order-summary-totals-block\" class=\"wp-block-woocommerce-cart-order-summary-totals-block\">\n<div data-block-name=\"woocommerce\/cart-order-summary-subtotal-block\" class=\"wp-block-woocommerce-cart-order-summary-subtotal-block\"><\/div>\n<div data-block-name=\"woocommerce\/cart-order-summary-discount-block\" class=\"wp-block-woocommerce-cart-order-summary-discount-block\"><\/div>\n<div data-block-name=\"woocommerce\/cart-order-summary-fee-block\" class=\"wp-block-woocommerce-cart-order-summary-fee-block\"><\/div>\n<div data-block-name=\"woocommerce\/cart-order-summary-shipping-block\" class=\"wp-block-woocommerce-cart-order-summary-shipping-block\"><\/div>\n<div data-block-name=\"woocommerce\/cart-order-summary-taxes-block\" class=\"wp-block-woocommerce-cart-order-summary-taxes-block\"><\/div><\/div>\n<\/div>\n\n\n\n<div data-block-name=\"woocommerce\/cart-express-payment-block\" class=\"wp-block-woocommerce-cart-express-payment-block\"><\/div>\n\n\n\n<div data-block-name=\"woocommerce\/proceed-to-checkout-block\" class=\"wp-block-woocommerce-proceed-to-checkout-block\"><\/div>\n\n\n\n<div data-block-name=\"woocommerce\/cart-accepted-payment-methods-block\" class=\"wp-block-woocommerce-cart-accepted-payment-methods-block\"><\/div>\n<\/div>\n<\/div>\n\n\n\n<div data-block-name=\"woocommerce\/empty-cart-block\" class=\"wp-block-woocommerce-empty-cart-block\">\n<h2 class=\"wp-block-heading has-text-align-center with-empty-cart-icon wc-block-cart__empty-cart__title\">Your cart is currently empty!<\/h2>\n\n\n\n<hr class=\"wp-block-separator has-alpha-channel-opacity is-style-dots\"\/>\n\n\n\n<h2 class=\"wp-block-heading has-text-align-center\">New in store<\/h2>\n\n\n<div data-block-name=\"woocommerce\/product-new\" data-columns=\"4\" data-rows=\"1\" class=\"wc-block-grid wp-block-product-new wp-block-woocommerce-product-new wc-block-product-new has-4-columns\"><ul class=\"wc-block-grid__products\"><li class=\"wc-block-grid__product\">\n\t\t\t\t<a href=\"https:\/\/colarte.com.co\/index.php\/product\/kit-embrague-15-1-2-9-resortes-4-aletas\/\" class=\"wc-block-grid__product-link\">\n\t\t\t\t\t\n\t\t\t\t\t<div class=\"wc-block-grid__product-image\"><img fetchpriority=\"high\" decoding=\"async\" width=\"300\" height=\"300\" src=\"https:\/\/colarte.com.co\/wp-content\/uploads\/woocommerce-placeholder-300x300.png\" class=\"woocommerce-placeholder wp-post-image\" alt=\"\" srcset=\"https:\/\/colarte.com.co\/wp-content\/uploads\/woocommerce-placeholder-300x300.png 300w, https:\/\/colarte.com.co\/wp-content\/uploads\/woocommerce-placeholder-100x100.png 100w, https:\/\/colarte.com.co\/wp-content\/uploads\/woocommerce-placeholder-600x600.png 600w, https:\/\/colarte.com.co\/wp-content\/uploads\/woocommerce-placeholder-1024x1024.png 1024w, https:\/\/colarte.com.co\/wp-content\/uploads\/woocommerce-placeholder-150x150.png 150w, https:\/\/colarte.com.co\/wp-content\/uploads\/woocommerce-placeholder-768x768.png 768w, https:\/\/colarte.com.co\/wp-content\/uploads\/woocommerce-placeholder.png 1200w\" sizes=\"(max-width: 300px) 100vw, 300px\" \/><\/div>\n\t\t\t\t\t<div class=\"wc-block-grid__product-title\">KIT EMBRAGUE 15-1\/2&#8243; 9 RESORTES 4 ALETAS<\/div>\n\t\t\t\t<\/a>\n\t\t\t\t<div class=\"wc-block-grid__product-price price\"><span class=\"woocommerce-Price-amount amount\"><span class=\"woocommerce-Price-currencySymbol\">&#036;<\/span>0<\/span><\/div>\n\t\t\t\t\n\t\t\t\t<div class=\"wp-block-button wc-block-grid__product-add-to-cart\"><a href=\"\/index.php\/wp-json\/wp\/v2\/pages\/41?add-to-cart=6466\" aria-label=\"A\u00f1adir al carrito: &ldquo;KIT EMBRAGUE 15-1\/2&quot; 9 RESORTES 4 ALETAS&rdquo;\" data-quantity=\"1\" data-product_id=\"6466\" data-product_sku=\"03657-1-1-1\" data-price=\"0\" rel=\"nofollow\" class=\"wp-block-button__link  add_to_cart_button ajax_add_to_cart\">A\u00f1adir al carrito<\/a><\/div>\n\t\t\t<\/li><li class=\"wc-block-grid__product\">\n\t\t\t\t<a href=\"https:\/\/colarte.com.co\/index.php\/product\/kit-embrague-15-1-2-7-resortes-6-aletas\/\" class=\"wc-block-grid__product-link\">\n\t\t\t\t\t\n\t\t\t\t\t<div class=\"wc-block-grid__product-image\"><img decoding=\"async\" width=\"300\" height=\"300\" src=\"https:\/\/colarte.com.co\/wp-content\/uploads\/2024\/04\/KIT-EMBRAGUE-15-1_2.2_-7-RESORTES-6-ALETAS-CON-FONDO-800x800px-300x300.png\" class=\"attachment-woocommerce_thumbnail size-woocommerce_thumbnail\" alt=\"NMU701-317-6 KIT EMBRAGUE 15-1\/2&quot; 7 RESORTES 6 ALETAS, Colarte, Embragues, Reparaci\u00f3n de embragues, Sistemas de fricci\u00f3n, Botones cer\u00e1micos, Forros de embrague, Kits de embrague, Componentes de embrague, Piezas de embrague, Embragues para tr\u00e1fico pesado, Embragues agr\u00edcolas, Repuestos de veh\u00edculos, Reparaci\u00f3n de sistemas de fricci\u00f3n, Servicio t\u00e9cnico de embragues, Importaci\u00f3n de embragues, Soluciones de fricci\u00f3n, Calidad en sistemas de embrague, Tecnolog\u00eda en embragues, Mejora de rendimiento vehicular, Especialistas en embragues, Confianza en soluciones de fricci\u00f3n\" srcset=\"https:\/\/colarte.com.co\/wp-content\/uploads\/2024\/04\/KIT-EMBRAGUE-15-1_2.2_-7-RESORTES-6-ALETAS-CON-FONDO-800x800px-300x300.png 300w, https:\/\/colarte.com.co\/wp-content\/uploads\/2024\/04\/KIT-EMBRAGUE-15-1_2.2_-7-RESORTES-6-ALETAS-CON-FONDO-800x800px-150x150.png 150w, https:\/\/colarte.com.co\/wp-content\/uploads\/2024\/04\/KIT-EMBRAGUE-15-1_2.2_-7-RESORTES-6-ALETAS-CON-FONDO-800x800px-768x768.png 768w, https:\/\/colarte.com.co\/wp-content\/uploads\/2024\/04\/KIT-EMBRAGUE-15-1_2.2_-7-RESORTES-6-ALETAS-CON-FONDO-800x800px-650x650.png 650w, https:\/\/colarte.com.co\/wp-content\/uploads\/2024\/04\/KIT-EMBRAGUE-15-1_2.2_-7-RESORTES-6-ALETAS-CON-FONDO-800x800px-600x600.png 600w, https:\/\/colarte.com.co\/wp-content\/uploads\/2024\/04\/KIT-EMBRAGUE-15-1_2.2_-7-RESORTES-6-ALETAS-CON-FONDO-800x800px-100x100.png 100w, https:\/\/colarte.com.co\/wp-content\/uploads\/2024\/04\/KIT-EMBRAGUE-15-1_2.2_-7-RESORTES-6-ALETAS-CON-FONDO-800x800px.png 800w\" sizes=\"(max-width: 300px) 100vw, 300px\" \/><\/div>\n\t\t\t\t\t<div class=\"wc-block-grid__product-title\">KIT EMBRAGUE 15-1\/2&#8243; 7 RESORTES 6 ALETAS<\/div>\n\t\t\t\t<\/a>\n\t\t\t\t<div class=\"wc-block-grid__product-price price\"><span class=\"woocommerce-Price-amount amount\"><span class=\"woocommerce-Price-currencySymbol\">&#036;<\/span>0<\/span><\/div>\n\t\t\t\t\n\t\t\t\t<div class=\"wp-block-button wc-block-grid__product-add-to-cart\"><a href=\"\/index.php\/wp-json\/wp\/v2\/pages\/41?add-to-cart=6462\" aria-label=\"A\u00f1adir al carrito: &ldquo;KIT EMBRAGUE 15-1\/2&quot; 7 RESORTES 6 ALETAS&rdquo;\" data-quantity=\"1\" data-product_id=\"6462\" data-product_sku=\"03657-1-1\" data-price=\"0\" rel=\"nofollow\" class=\"wp-block-button__link  add_to_cart_button ajax_add_to_cart\">A\u00f1adir al carrito<\/a><\/div>\n\t\t\t<\/li><li class=\"wc-block-grid__product\">\n\t\t\t\t<a href=\"https:\/\/colarte.com.co\/index.php\/product\/disc-brakes\/\" class=\"wc-block-grid__product-link\">\n\t\t\t\t\t\n\t\t\t\t\t<div class=\"wc-block-grid__product-image\"><img decoding=\"async\" width=\"300\" height=\"300\" src=\"https:\/\/colarte.com.co\/wp-content\/uploads\/2024\/04\/KIT-EMBRAGUE-15-1_2_-7-RESORTES-4-ALETAS-CON-FONDO-300x300.png\" class=\"attachment-woocommerce_thumbnail size-woocommerce_thumbnail\" alt=\"NMU701-304-4 KIT EMBRAGUE 15-1\/2&quot; 7 RESORTES 4 ALETAS, Colarte, Embragues, Reparaci\u00f3n de embragues, Sistemas de fricci\u00f3n, Botones cer\u00e1micos, Forros de embrague, Kits de embrague, Componentes de embrague, Piezas de embrague, Embragues para tr\u00e1fico pesado, Embragues agr\u00edcolas, Repuestos de veh\u00edculos, Reparaci\u00f3n de sistemas de fricci\u00f3n, Servicio t\u00e9cnico de embragues, Importaci\u00f3n de embragues, Soluciones de fricci\u00f3n, Calidad en sistemas de embrague, Tecnolog\u00eda en embragues, Mejora de rendimiento vehicular, Especialistas en embragues, Confianza en soluciones de fricci\u00f3n\" srcset=\"https:\/\/colarte.com.co\/wp-content\/uploads\/2024\/04\/KIT-EMBRAGUE-15-1_2_-7-RESORTES-4-ALETAS-CON-FONDO-300x300.png 300w, https:\/\/colarte.com.co\/wp-content\/uploads\/2024\/04\/KIT-EMBRAGUE-15-1_2_-7-RESORTES-4-ALETAS-CON-FONDO-150x150.png 150w, https:\/\/colarte.com.co\/wp-content\/uploads\/2024\/04\/KIT-EMBRAGUE-15-1_2_-7-RESORTES-4-ALETAS-CON-FONDO-768x768.png 768w, https:\/\/colarte.com.co\/wp-content\/uploads\/2024\/04\/KIT-EMBRAGUE-15-1_2_-7-RESORTES-4-ALETAS-CON-FONDO-650x650.png 650w, https:\/\/colarte.com.co\/wp-content\/uploads\/2024\/04\/KIT-EMBRAGUE-15-1_2_-7-RESORTES-4-ALETAS-CON-FONDO-600x600.png 600w, https:\/\/colarte.com.co\/wp-content\/uploads\/2024\/04\/KIT-EMBRAGUE-15-1_2_-7-RESORTES-4-ALETAS-CON-FONDO-100x100.png 100w, https:\/\/colarte.com.co\/wp-content\/uploads\/2024\/04\/KIT-EMBRAGUE-15-1_2_-7-RESORTES-4-ALETAS-CON-FONDO.png 800w\" sizes=\"(max-width: 300px) 100vw, 300px\" \/><\/div>\n\t\t\t\t\t<div class=\"wc-block-grid__product-title\">KIT EMBRAGUE 15-1\/2&#8243; 7 RESORTES 4 ALETAS<\/div>\n\t\t\t\t<\/a>\n\t\t\t\t<div class=\"wc-block-grid__product-price price\"><span class=\"woocommerce-Price-amount amount\"><span class=\"woocommerce-Price-currencySymbol\">&#036;<\/span>50<\/span><\/div>\n\t\t\t\t\n\t\t\t\t<div class=\"wp-block-button wc-block-grid__product-add-to-cart\"><a href=\"\/index.php\/wp-json\/wp\/v2\/pages\/41?add-to-cart=3964\" aria-label=\"A\u00f1adir al carrito: &ldquo;KIT EMBRAGUE 15-1\/2&quot; 7 RESORTES 4 ALETAS&rdquo;\" data-quantity=\"1\" data-product_id=\"3964\" data-product_sku=\"036542-1-1\" data-price=\"50\" rel=\"nofollow\" class=\"wp-block-button__link  add_to_cart_button ajax_add_to_cart\">A\u00f1adir al carrito<\/a><\/div>\n\t\t\t<\/li><li class=\"wc-block-grid__product\">\n\t\t\t\t<a href=\"https:\/\/colarte.com.co\/index.php\/product\/wheels\/\" class=\"wc-block-grid__product-link\">\n\t\t\t\t\t\n\t\t\t\t\t<div class=\"wc-block-grid__product-image\"><img loading=\"lazy\" decoding=\"async\" width=\"300\" height=\"300\" src=\"https:\/\/colarte.com.co\/wp-content\/uploads\/woocommerce-placeholder-300x300.png\" class=\"woocommerce-placeholder wp-post-image\" alt=\"Wheels\" srcset=\"https:\/\/colarte.com.co\/wp-content\/uploads\/woocommerce-placeholder-300x300.png 300w, https:\/\/colarte.com.co\/wp-content\/uploads\/woocommerce-placeholder-100x100.png 100w, https:\/\/colarte.com.co\/wp-content\/uploads\/woocommerce-placeholder-600x600.png 600w, https:\/\/colarte.com.co\/wp-content\/uploads\/woocommerce-placeholder-1024x1024.png 1024w, https:\/\/colarte.com.co\/wp-content\/uploads\/woocommerce-placeholder-150x150.png 150w, https:\/\/colarte.com.co\/wp-content\/uploads\/woocommerce-placeholder-768x768.png 768w, https:\/\/colarte.com.co\/wp-content\/uploads\/woocommerce-placeholder.png 1200w\" sizes=\"(max-width: 300px) 100vw, 300px\" \/><\/div>\n\t\t\t\t\t<div class=\"wc-block-grid__product-title\">Wheels<\/div>\n\t\t\t\t<\/a>\n\t\t\t\t<div class=\"wc-block-grid__product-price price\"><span class=\"woocommerce-Price-amount amount\"><span class=\"woocommerce-Price-currencySymbol\">&#036;<\/span>65<\/span><\/div>\n\t\t\t\t\n\t\t\t\t<div class=\"wp-block-button wc-block-grid__product-add-to-cart\"><a href=\"\/index.php\/wp-json\/wp\/v2\/pages\/41?add-to-cart=3963\" aria-label=\"A\u00f1adir al carrito: &ldquo;Wheels&rdquo;\" data-quantity=\"1\" data-product_id=\"3963\" data-product_sku=\"03657-1-1\" data-price=\"65\" rel=\"nofollow\" class=\"wp-block-button__link  add_to_cart_button ajax_add_to_cart\">A\u00f1adir al carrito<\/a><\/div>\n\t\t\t<\/li><\/ul><\/div><\/div>\n<\/div>\n","protected":false},"excerpt":{"rendered":"","protected":false},"author":1,"featured_media":0,"parent":0,"menu_order":0,"comment_status":"closed","ping_status":"closed","template":"","meta":{"om_disable_all_campaigns":false,"_monsterinsights_skip_tracking":false,"_monsterinsights_sitenote_active":false,"_monsterinsights_sitenote_note":"","_monsterinsights_sitenote_category":0,"footnotes":""},"class_list":["post-41","page","type-page","status-publish","hentry"],"aioseo_notices":[],"_links":{"self":[{"href":"https:\/\/colarte.com.co\/index.php\/wp-json\/wp\/v2\/pages\/41","targetHints":{"allow":["GET"]}}],"collection":[{"href":"https:\/\/colarte.com.co\/index.php\/wp-json\/wp\/v2\/pages"}],"about":[{"href":"https:\/\/colarte.com.co\/index.php\/wp-json\/wp\/v2\/types\/page"}],"author":[{"embeddable":true,"href":"https:\/\/colarte.com.co\/index.php\/wp-json\/wp\/v2\/users\/1"}],"replies":[{"embeddable":true,"href":"https:\/\/colarte.com.co\/index.php\/wp-json\/wp\/v2\/comments?post=41"}],"version-history":[{"count":0,"href":"https:\/\/colarte.com.co\/index.php\/wp-json\/wp\/v2\/pages\/41\/revisions"}],"wp:attachment":[{"href":"https:\/\/colarte.com.co\/index.php\/wp-json\/wp\/v2\/media?parent=41"}],"curies":[{"name":"wp","href":"https:\/\/api.w.org\/{rel}","templated":true}]}}